{"id":122,"date":"2015-08-23T18:34:57","date_gmt":"2015-08-23T18:34:57","guid":{"rendered":"http:\/\/fml.al\/?page_id=122"},"modified":"2015-08-23T18:37:19","modified_gmt":"2015-08-23T18:37:19","slug":"qazim-sejdini","status":"publish","type":"page","link":"http:\/\/fml.al\/index.php\/qazim-sejdini\/","title":{"rendered":"QAZIM SEJDINI"},"content":{"rendered":"<p><strong>P\u00ebrmbledhje e premtimeve elektorale t\u00eb kryetarit t\u00eb bashkis\u00eb Elbasan,\u00a0<\/strong><strong style=\"line-height: 1.5;\">Qazim Sejdini<\/strong><\/p>\n<p><strong>Takim me grat\u00eb e rajoneve 1 dhe 2, Elbasan<\/strong><\/p>\n<ol>\n<li>Uj\u00eb 24 or\u00eb n\u00eb qytet brenda vitit, \u00ebsht\u00eb nj\u00eb nga ato mungesa dhe problematika t\u00eb qytetit q\u00eb nuk do t\u00eb ekzistoj\u00eb m\u00eb.<\/li>\n<\/ol>\n<p><iframe loading=\"lazy\" width=\"960\" height=\"540\" src=\"https:\/\/www.youtube.com\/embed\/sk9p3CDIZdg?feature=oembed\" frameborder=\"0\" allowfullscreen><\/iframe><\/p>\n<p><strong>Kusarth<\/strong><\/p>\n<ol>\n<li>Transporti i f\u00ebmij\u00ebve n\u00eb shkolla me mjete publike, falas p\u00ebr shtresat n\u00eb nevoj\u00eb dhe vendosja e sistemit t\u00eb aboneve nga Bashkia Elbasan.<\/li>\n<li>Bashkia do t\u00eb ket\u00eb inspektoriatin bujq\u00ebsor p\u00ebr \u00e7do sh\u00ebrbim n\u00eb bujq\u00ebsi, sh\u00ebrbimet t\u00eb gjitha falas. \u00c7do nj\u00ebsi administrative do t\u00eb ket\u00eb nd\u00ebrmarrje sh\u00ebrbimi jo vet\u00ebm p\u00ebr rrug\u00ebt por edhe p\u00ebr kanalet e vaditjes.<\/li>\n<li>Fshatrat do t\u00eb ken\u00eb ndri\u00e7im rrugor<\/li>\n<li>Do t\u00eb nd\u00ebrtohet sistemi i kanalizimeve t\u00eb uj\u00ebrave t\u00eb zeza.<\/li>\n<li>Azhornimi i tokave n\u00eb t\u00eb gjith\u00eb bashkin\u00eb e re do t\u00eb b\u00ebhet n\u00eb drejtorin\u00eb p\u00ebrkatese n\u00eb k\u00ebt\u00eb institucion q\u00ebndror t\u00eb qeverisjes lokale.<\/li>\n<\/ol>\n<p><iframe loading=\"lazy\" width=\"960\" height=\"540\" src=\"https:\/\/www.youtube.com\/embed\/sDwcT8ALo-8?feature=oembed\" frameborder=\"0\" allowfullscreen><\/iframe><\/p>\n<p>&nbsp;<\/p>\n<p><strong>Fush\u00eb Mbret<\/strong><\/p>\n<ol>\n<li>Nx\u00ebn\u00ebsit q\u00eb udh\u00ebtojn\u00eb disa kilometra n\u00eb dit\u00eb p\u00ebr t\u00eb shkuar n\u00eb shkoll\u00eb, do t\u00eb ken\u00eb mund\u00ebsi udh\u00ebtimi me abone.<\/li>\n<li>Brenda mandatit 4-vje\u00e7ar, n\u00eb t\u00eb gjitha fshatrat do t\u00eb ket\u00eb uj\u00eb 24 or\u00eb.<\/li>\n<li>Brenda mandatit 4-vje\u00e7ar, 10 mij\u00eb vende t\u00eb reja pune n\u00eb territorin e re t\u00eb Bashkis\u00eb Elbasan dhe pun\u00ebsimi n\u00eb fshat si dhe nxitja e subvencionimi p\u00ebr vet\u00ebpun\u00ebsim, do t\u00eb jet\u00eb n\u00eb politikat e reja t\u00eb bashkis\u00eb.<\/li>\n<\/ol>\n<p><iframe loading=\"lazy\" width=\"960\" height=\"540\" src=\"https:\/\/www.youtube.com\/embed\/JTjniPuOiYM?feature=oembed\" frameborder=\"0\" allowfullscreen><\/iframe><\/p>\n<p><strong>Krast\u00eb, takim me t\u00eb rinjt\u00eb<\/strong><\/p>\n<ol>\n<li>Programet bashkiake t\u00eb nxitjes s\u00eb pun\u00ebsimit q\u00eb do t\u00eb mund\u00ebsojn\u00eb nxitjen dhe hapjen e vendeve t\u00eb pun\u00ebs q\u00eb \u00ebsht\u00eb nxitje p\u00ebr zhvillimin e ekonomive t\u00eb vogla lokale. Kjo \u00ebsht\u00eb detyra e par\u00eb dhe kryesore p\u00ebr ne, pasi pa pun\u00eb nuk mund t\u00eb shkojm\u00eb asgj\u00ebkundi. Ne jemi t\u00eb detyruar t\u2019u drejtohemi ju me programe pun\u00ebsimi dhe k\u00ebt\u00eb do ta mb\u00ebshtesim n\u00eb p\u00ebrkrahjen e qeveris\u00eb.<\/li>\n<li>Mb\u00ebshtetje p\u00ebr t\u00eb rinjt\u00eb p\u00ebr t\u00eb investuar n\u00eb nisma e ide individuale t\u00eb zhvillimit t\u00eb karrier\u00ebs s\u00eb biznesit, p\u00ebrvoj\u00eb kjo e fituar nga Bashkia Elbasan me programet IPA.<\/li>\n<li>Hapjen e zyr\u00ebs s\u00eb karrier\u00ebs p\u00ebr t\u00eb rinjt\u00eb, p\u00ebrm\u00ebs partneritetit publik-privat.<\/li>\n<li>Ngritjen e nj\u00eb qendre multifunksionale t\u00eb arsimit profesional, bazuar n\u00eb infrastruktur\u00ebn ekzistuese dhe e plot\u00ebsuar me konvikt p\u00ebr nx\u00ebn\u00ebsit dhe kursant\u00ebt q\u00eb nuk jan\u00eb nga qyteti.<\/li>\n<li>Ngritjen e nj\u00eb shkoll\u00eb profesionale bujq\u00ebsore.<\/li>\n<li>Dh\u00ebnien e bursave dhe nd\u00ebrmjet\u00ebsimin p\u00ebrmes zyr\u00ebs s\u00eb karier\u00ebs p\u00ebr studime universitare.<\/li>\n<li>Hapjen e bibliotekave publike p\u00ebr \u00e7do nj\u00ebsi administrative n\u00eb qytet dhe n\u00eb \u00e7do qend\u00ebr komune.<\/li>\n<li>Nd\u00ebrtimi i kompleksit artistiko-kulturor shum\u00eb aktivitet\u00ebsh n\u00ebp\u00ebrmjet partneritetit publik-privat.<\/li>\n<li>Kthimin e ambienteve sportive n\u00eb shkolla n\u00eb qendra e k\u00ebnd\u00eb sportive p\u00ebr f\u00ebmij\u00ebt dhe t\u00eb rinjt\u00eb.<\/li>\n<li>Komunikimi digital, internet n\u00eb \u00e7do qend\u00ebr komune, projekt i USAID-it. Secili nga k\u00ebto projekte ka koh\u00ebn, planin e veprimit, momentin e duhur dhe m\u00ebnyr\u00ebn e financimit t\u00eb tyre.<\/li>\n<\/ol>\n<p><iframe loading=\"lazy\" width=\"960\" height=\"540\" src=\"https:\/\/www.youtube.com\/embed\/oSfhNxAM_L8?feature=oembed\" frameborder=\"0\" allowfullscreen><\/iframe><\/p>\n<p><strong>Elbasan, takim me grat\u00eb intelektuale<\/strong><\/p>\n<ol>\n<li>Mb\u00ebshtetja q\u00eb do t\u00eb japim p\u00ebr nxitjen dhe zhvillimin e ideve novatore do t\u00eb na \u00e7oj\u00eb n\u00eb p\u00ebrmbushejn e premtimit ton\u00eb, se n\u00eb p\u00ebrfundim t\u00eb mandatit 4-vje\u00e7ar, do t\u00eb hapim 10 mij\u00eb vende t\u00eb reja pune.<\/li>\n<\/ol>\n<p><iframe loading=\"lazy\" width=\"960\" height=\"540\" src=\"https:\/\/www.youtube.com\/embed\/CnuwmTJZ_HQ?feature=oembed\" frameborder=\"0\" allowfullscreen><\/iframe><\/p>\n<p><strong>Lagjia \u2018Vullnetari\u2019, Elbasan<\/strong><\/p>\n<ol>\n<li>Nuk ka asgj\u00eb q\u00eb t\u00eb na pengoj\u00eb p\u00ebr t\u00eb mbajtur premtimin e hapjes s\u00eb 10 mij\u00eb vendeve t\u00eb reja t\u00eb pun\u00ebs, dhe <strong>1 mij\u00eb prej tyre do t\u00eb jen\u00eb p\u00ebr t\u00eb rinjt\u00eb.<\/strong><\/li>\n<\/ol>\n<p><iframe loading=\"lazy\" width=\"960\" height=\"540\" src=\"https:\/\/www.youtube.com\/embed\/v-62rXgYpbs?feature=oembed\" frameborder=\"0\" allowfullscreen><\/iframe><\/p>\n<p><strong>Elbasan, takim me f\u00ebmij\u00ebt<\/strong><\/p>\n<ol>\n<li>T\u00eb gjitha kopshtet do t\u00eb ken\u00eb ngrohje me panale diellore, nuk do t\u00eb ket\u00eb m\u00eb asnj\u00eb problem me ngrohjen n\u00eb kopshtet publike n\u00eb qytet.<\/li>\n<li>Brenda 1 viti do t\u00eb nd\u00ebrtojm\u00eb palestr\u00ebn e Kopshtit Nr. 9<\/li>\n<li>N\u00eb qytet do t\u00eb nd\u00ebrtohen edhe 4 kopshte t\u00eb reja brenda 4-vje\u00e7arit dhe 12 kopshte t\u00eb reja do t\u00eb nd\u00ebrtohen n\u00eb \u00e7do qend\u00ebr t\u00eb 12 komuanave q\u00eb tani jan\u00eb pjes\u00eb e Bashkis\u00eb Elbasan.<\/li>\n<\/ol>\n<p><iframe loading=\"lazy\" width=\"960\" height=\"540\" src=\"https:\/\/www.youtube.com\/embed\/iyWdm1sZWKY?feature=oembed\" frameborder=\"0\" allowfullscreen><\/iframe><\/p>\n<p><strong>Elbasan, takim me komisionin qytetar<\/strong><\/p>\n<ol>\n<li>Problemet me ujin e pijsh\u00ebm; me ujin p\u00ebr vaditje dhe azhornimi i tokave t\u00eb t\u00eb gjith\u00eb territorit t\u00eb Bashkis\u00eb s\u00eb re Elbansan, do t\u00eb zgjidhet brenda dy viteve. Nd\u00ebrsa n\u00eb t\u00eb gjitha fshatrat, ky do t\u00eb jet\u00eb n\u00eb problem q\u00eb do t\u00eb marr\u00eb zgjidhje brenda mandatit 4-vje\u00e7ar n\u00eb drejtim t\u00eb Bashkis\u00eb Elbasan.<\/li>\n<li>Do t\u00eb vendosen sahatet dixhitale t\u00eb ujit t\u00eb pijsh\u00ebm p\u00ebr \u00e7do abonent dhe kjo do t\u00eb jet\u00eb kosto e Bashkis\u00eb, pasi p\u00ebr qytetar\u00ebt do t\u00eb jet\u00eb falas.<\/li>\n<li>F\u00ebmij\u00ebt q\u00eb duhet t\u00eb udh\u00ebtojn\u00eb me urban apo autobus p\u00ebr t\u00eb shkuar n\u00eb shkoll\u00eb, do t\u00eb ken\u00eb abone falas nga Bashkia, \u00ebsht\u00eb kjo nj\u00eb m\u00ebnyr\u00eb p\u00ebr t\u2019i ardhur n\u00eb ndihm\u00eb shtresave n\u00eb nevoj\u00eb.<\/li>\n<li>N\u00eb dy vitet e para t\u00eb mandatit, do t\u00eb p\u00ebrfundoj\u00eb instalimi i sistemit t\u00eb ri t\u00eb ngrohjes n\u00eb t\u00eb gjitha shkollat 9-vje\u00e7are dhe t\u00eb mesme t\u00eb qytetit.<\/li>\n<li>Do t\u00eb rikonstruktohen qendrat e komunave<\/li>\n<li>Ndri\u00e7im edhe n\u00eb fshatra<\/li>\n<li>Sfid\u00eb mbetet nd\u00ebrtimi i impiantit t\u00eb trajtimit t\u00eb uj\u00ebrave t\u00eb zeza, nd\u00ebrtimi i t\u00eb cilit do t\u00eb jet\u00eb zgjidhja p\u00ebrfundimtare p\u00ebr mos ndotjen e lumit Shkumbin, aty ku aktualisht derdhen uj\u00ebrat e zeza.<\/li>\n<li>N\u00eb vitin 2016 p\u00ebrfundon landfilli i Elbasanit, n\u00eb zon\u00ebn e ish-kombinatit Metalurgjik, invesim i cili ka nisur dhe po vijohet me intensitet, k\u00ebshtu do t\u00eb shp\u00ebtoj\u00eb jo vet\u00ebm territori i Bashkis\u00eb Elbasan me ndarjen e re territoriale, por ky landfill do t\u00eb zgjidh\u00eb problemin e mbetjeve p\u00ebr gjith\u00eb prefektur\u00ebn Elbasan.<\/li>\n<\/ol>\n<p><iframe loading=\"lazy\" width=\"960\" height=\"540\" src=\"https:\/\/www.youtube.com\/embed\/kYYCZ01jTag?feature=oembed\" frameborder=\"0\" allowfullscreen><\/iframe><\/p>\n<div id=\"fb_share_1\" style=\"float: right; margin-left: 10px;\"><a name=\"fb_share\" type=\"box_count\" share_url=\"http:\/\/fml.al\/index.php\/qazim-sejdini\/\" href=\"http:\/\/www.facebook.com\/sharer.php\">Share<\/a><\/div><div><script src=\"http:\/\/static.ak.fbcdn.net\/connect.php\/js\/FB.Share\" type=\"text\/javascript\"><\/script><\/div>","protected":false},"excerpt":{"rendered":"<p>P\u00ebrmbledhje e premtimeve elektorale t\u00eb kryetarit t\u00eb bashkis\u00eb Elbasan,\u00a0Qazim Sejdini Takim me grat\u00eb e rajoneve 1 dhe 2, Elbasan Uj\u00eb 24 or\u00eb n\u00eb qytet brenda vitit, \u00ebsht\u00eb nj\u00eb nga ato mungesa dhe problematika t\u00eb qytetit q\u00eb nuk do t\u00eb ekzistoj\u00eb m\u00eb. Kusarth Transporti i f\u00ebmij\u00ebve n\u00eb shkolla me mjete publike, falas p\u00ebr shtresat n\u00eb nevoj\u00eb [&hellip;]<\/p>\n","protected":false},"author":1,"featured_media":0,"parent":0,"menu_order":0,"comment_status":"open","ping_status":"open","template":"","meta":{"footnotes":""},"class_list":["post-122","page","type-page","status-publish","hentry"],"yoast_head":"<!-- This site is optimized with the Yoast SEO plugin v23.8 - https:\/\/yoast.com\/wordpress\/plugins\/seo\/ -->\n<title>QAZIM SEJDINI - Forumi i Mendimit t\u00eb Lir\u00eb<\/title>\n<meta name=\"robots\" content=\"index, follow, max-snippet:-1, max-image-preview:large, max-video-preview:-1\" \/>\n<link rel=\"canonical\" href=\"http:\/\/fml.al\/index.php\/qazim-sejdini\/\" \/>\n<meta property=\"og:locale\" content=\"en_US\" \/>\n<meta property=\"og:type\" content=\"article\" \/>\n<meta property=\"og:title\" content=\"QAZIM SEJDINI - Forumi i Mendimit t\u00eb Lir\u00eb\" \/>\n<meta property=\"og:description\" content=\"P\u00ebrmbledhje e premtimeve elektorale t\u00eb kryetarit t\u00eb bashkis\u00eb Elbasan,\u00a0Qazim Sejdini Takim me grat\u00eb e rajoneve 1 dhe 2, Elbasan Uj\u00eb 24 or\u00eb n\u00eb qytet brenda vitit, \u00ebsht\u00eb nj\u00eb nga ato mungesa dhe problematika t\u00eb qytetit q\u00eb nuk do t\u00eb ekzistoj\u00eb m\u00eb. Kusarth Transporti i f\u00ebmij\u00ebve n\u00eb shkolla me mjete publike, falas p\u00ebr shtresat n\u00eb nevoj\u00eb [&hellip;]\" \/>\n<meta property=\"og:url\" content=\"http:\/\/fml.al\/index.php\/qazim-sejdini\/\" \/>\n<meta property=\"og:site_name\" content=\"Forumi i Mendimit t\u00eb Lir\u00eb\" \/>\n<meta property=\"article:modified_time\" content=\"2015-08-23T18:37:19+00:00\" \/>\n<meta name=\"twitter:card\" content=\"summary_large_image\" \/>\n<meta name=\"twitter:label1\" content=\"Est. reading time\" \/>\n\t<meta name=\"twitter:data1\" content=\"5 minutes\" \/>\n<script type=\"application\/ld+json\" class=\"yoast-schema-graph\">{\"@context\":\"https:\/\/schema.org\",\"@graph\":[{\"@type\":\"WebPage\",\"@id\":\"http:\/\/fml.al\/index.php\/qazim-sejdini\/\",\"url\":\"http:\/\/fml.al\/index.php\/qazim-sejdini\/\",\"name\":\"QAZIM SEJDINI - Forumi i Mendimit t\u00eb Lir\u00eb\",\"isPartOf\":{\"@id\":\"http:\/\/fml.al\/#website\"},\"datePublished\":\"2015-08-23T18:34:57+00:00\",\"dateModified\":\"2015-08-23T18:37:19+00:00\",\"breadcrumb\":{\"@id\":\"http:\/\/fml.al\/index.php\/qazim-sejdini\/#breadcrumb\"},\"inLanguage\":\"en-US\",\"potentialAction\":[{\"@type\":\"ReadAction\",\"target\":[\"http:\/\/fml.al\/index.php\/qazim-sejdini\/\"]}]},{\"@type\":\"BreadcrumbList\",\"@id\":\"http:\/\/fml.al\/index.php\/qazim-sejdini\/#breadcrumb\",\"itemListElement\":[{\"@type\":\"ListItem\",\"position\":1,\"name\":\"Home\",\"item\":\"http:\/\/fml.al\/\"},{\"@type\":\"ListItem\",\"position\":2,\"name\":\"QAZIM SEJDINI\"}]},{\"@type\":\"WebSite\",\"@id\":\"http:\/\/fml.al\/#website\",\"url\":\"http:\/\/fml.al\/\",\"name\":\"Forumi i Mendimit t\u00eb Lir\u00eb\",\"description\":\"FML.al\",\"publisher\":{\"@id\":\"http:\/\/fml.al\/#organization\"},\"potentialAction\":[{\"@type\":\"SearchAction\",\"target\":{\"@type\":\"EntryPoint\",\"urlTemplate\":\"http:\/\/fml.al\/?s={search_term_string}\"},\"query-input\":{\"@type\":\"PropertyValueSpecification\",\"valueRequired\":true,\"valueName\":\"search_term_string\"}}],\"inLanguage\":\"en-US\"},{\"@type\":\"Organization\",\"@id\":\"http:\/\/fml.al\/#organization\",\"name\":\"Forumi i Mendimit t\u00eb Lir\u00eb\",\"url\":\"http:\/\/fml.al\/\",\"logo\":{\"@type\":\"ImageObject\",\"inLanguage\":\"en-US\",\"@id\":\"http:\/\/fml.al\/#\/schema\/logo\/image\/\",\"url\":\"https:\/\/fml.al\/wp-content\/uploads\/2015\/07\/fml_Logo.jpg\",\"contentUrl\":\"https:\/\/fml.al\/wp-content\/uploads\/2015\/07\/fml_Logo.jpg\",\"width\":186,\"height\":200,\"caption\":\"Forumi i Mendimit t\u00eb Lir\u00eb\"},\"image\":{\"@id\":\"http:\/\/fml.al\/#\/schema\/logo\/image\/\"}}]}<\/script>\n<!-- \/ Yoast SEO plugin. -->","yoast_head_json":{"title":"QAZIM SEJDINI - Forumi i Mendimit t\u00eb Lir\u00eb","robots":{"index":"index","follow":"follow","max-snippet":"max-snippet:-1","max-image-preview":"max-image-preview:large","max-video-preview":"max-video-preview:-1"},"canonical":"http:\/\/fml.al\/index.php\/qazim-sejdini\/","og_locale":"en_US","og_type":"article","og_title":"QAZIM SEJDINI - Forumi i Mendimit t\u00eb Lir\u00eb","og_description":"P\u00ebrmbledhje e premtimeve elektorale t\u00eb kryetarit t\u00eb bashkis\u00eb Elbasan,\u00a0Qazim Sejdini Takim me grat\u00eb e rajoneve 1 dhe 2, Elbasan Uj\u00eb 24 or\u00eb n\u00eb qytet brenda vitit, \u00ebsht\u00eb nj\u00eb nga ato mungesa dhe problematika t\u00eb qytetit q\u00eb nuk do t\u00eb ekzistoj\u00eb m\u00eb. Kusarth Transporti i f\u00ebmij\u00ebve n\u00eb shkolla me mjete publike, falas p\u00ebr shtresat n\u00eb nevoj\u00eb [&hellip;]","og_url":"http:\/\/fml.al\/index.php\/qazim-sejdini\/","og_site_name":"Forumi i Mendimit t\u00eb Lir\u00eb","article_modified_time":"2015-08-23T18:37:19+00:00","twitter_card":"summary_large_image","twitter_misc":{"Est. reading time":"5 minutes"},"schema":{"@context":"https:\/\/schema.org","@graph":[{"@type":"WebPage","@id":"http:\/\/fml.al\/index.php\/qazim-sejdini\/","url":"http:\/\/fml.al\/index.php\/qazim-sejdini\/","name":"QAZIM SEJDINI - Forumi i Mendimit t\u00eb Lir\u00eb","isPartOf":{"@id":"http:\/\/fml.al\/#website"},"datePublished":"2015-08-23T18:34:57+00:00","dateModified":"2015-08-23T18:37:19+00:00","breadcrumb":{"@id":"http:\/\/fml.al\/index.php\/qazim-sejdini\/#breadcrumb"},"inLanguage":"en-US","potentialAction":[{"@type":"ReadAction","target":["http:\/\/fml.al\/index.php\/qazim-sejdini\/"]}]},{"@type":"BreadcrumbList","@id":"http:\/\/fml.al\/index.php\/qazim-sejdini\/#breadcrumb","itemListElement":[{"@type":"ListItem","position":1,"name":"Home","item":"http:\/\/fml.al\/"},{"@type":"ListItem","position":2,"name":"QAZIM SEJDINI"}]},{"@type":"WebSite","@id":"http:\/\/fml.al\/#website","url":"http:\/\/fml.al\/","name":"Forumi i Mendimit t\u00eb Lir\u00eb","description":"FML.al","publisher":{"@id":"http:\/\/fml.al\/#organization"},"potentialAction":[{"@type":"SearchAction","target":{"@type":"EntryPoint","urlTemplate":"http:\/\/fml.al\/?s={search_term_string}"},"query-input":{"@type":"PropertyValueSpecification","valueRequired":true,"valueName":"search_term_string"}}],"inLanguage":"en-US"},{"@type":"Organization","@id":"http:\/\/fml.al\/#organization","name":"Forumi i Mendimit t\u00eb Lir\u00eb","url":"http:\/\/fml.al\/","logo":{"@type":"ImageObject","inLanguage":"en-US","@id":"http:\/\/fml.al\/#\/schema\/logo\/image\/","url":"https:\/\/fml.al\/wp-content\/uploads\/2015\/07\/fml_Logo.jpg","contentUrl":"https:\/\/fml.al\/wp-content\/uploads\/2015\/07\/fml_Logo.jpg","width":186,"height":200,"caption":"Forumi i Mendimit t\u00eb Lir\u00eb"},"image":{"@id":"http:\/\/fml.al\/#\/schema\/logo\/image\/"}}]}},"_links":{"self":[{"href":"http:\/\/fml.al\/index.php\/wp-json\/wp\/v2\/pages\/122","targetHints":{"allow":["GET"]}}],"collection":[{"href":"http:\/\/fml.al\/index.php\/wp-json\/wp\/v2\/pages"}],"about":[{"href":"http:\/\/fml.al\/index.php\/wp-json\/wp\/v2\/types\/page"}],"author":[{"embeddable":true,"href":"http:\/\/fml.al\/index.php\/wp-json\/wp\/v2\/users\/1"}],"replies":[{"embeddable":true,"href":"http:\/\/fml.al\/index.php\/wp-json\/wp\/v2\/comments?post=122"}],"version-history":[{"count":2,"href":"http:\/\/fml.al\/index.php\/wp-json\/wp\/v2\/pages\/122\/revisions"}],"predecessor-version":[{"id":126,"href":"http:\/\/fml.al\/index.php\/wp-json\/wp\/v2\/pages\/122\/revisions\/126"}],"wp:attachment":[{"href":"http:\/\/fml.al\/index.php\/wp-json\/wp\/v2\/media?parent=122"}],"curies":[{"name":"wp","href":"https:\/\/api.w.org\/{rel}","templated":true}]}}